 = -y**2 + 4*y + 4. Let c be z(x). Calculate the highest common divisor of 10 and c.
2
Let q(d) = d**2 - 49*d + 146. Let j be q(46). Let z = -9 - 3. Let s be z + j - 3*-2. Calculate the highest common divisor of s and 12.
2
Let x be (117/936)/(1/24). What is the greatest common divisor of 381 and x?
3
Suppose -756*l = -753*l + 1656. Let b = -477 - l. Calculate the greatest common divisor of 180 and b.
15
Let q(t) = -95*t - 5567. Let j be q(-59). Calculate the greatest common divisor of j and 11134.
38
Let b be (4/(-6))/(1/(-960)). Let q(n) = 11*n**2 + 38*n - 193. Let a be q(-7). Calculate the highest common factor of b and a.
80
Let p = 339 - 182. Let z = 1050 - p. What is the greatest common divisor of 19 and z?
19
Suppose -2*d - 648 = -14*d. Let c(n) = 60*n - 6. Let f be c(10). What is the greatest common divisor of f and d?
54
Suppose 0 = -17*k - 8*k - 958 + 20758. What is the greatest common factor of k and 990?
198
Let t = 72 - 70. Suppose -5*y + t*y + 31 = u, 4*u = -y - 8. Suppose 3*v - 8*v = -540. Calculate the highest common factor of v and y.
12
Suppose 13817 + 11943 = 230*v. What is the greatest common divisor of v and 3568?
16
Let b = 11 + -9. Suppose -u = u - q - 8, 5*u = -b*q + 11. What is the greatest common divisor of 51 and u?
3
Let o be (3/(-15) - 1)*(-6 - 4). Suppose 74 + 142 = o*d. What is the greatest common factor of d and 558?
18
Let h = 18810 - 14771. What is the greatest common divisor of h and 21?
7
Let s be (-3778)/(-21) + (-52)/(-546). Calculate the greatest common divisor of s and 1035.
45
Let h be (361/4693)/((-2)/(-754)). Calculate the greatest common divisor of h and 3.
1
Suppose -5*w + 40 = u, -w - 6*u = -4*u - 8. Suppose w*f = 2637 - 437. Calculate the greatest common divisor of 33 and f.
11
Let d(j) = -4*j**2 - 81*j - 85. Let u be d(-19). Calculate the highest common factor of 335 and u.
5
Suppose 0 = 4*o - 250 + 114. Calculate the greatest common factor of o and 1258.
34
Suppose 9*v - 7*v = -4*h + 39118, -5*h + 3*v = -48859. Calculate the greatest common divisor of h and 16.
16
Let h(j) = 20*j**2 + 7*j + 9. Suppose -2*n + 4*n - 2 = -2*x, -2*x - 19 = -5*n. Let g be h(x). What is the highest common divisor of 100 and g?
25
Let a = -13508 - -14543. Calculate the highest common divisor of 63 and a.
9
Suppose -301*n - 179095 = -350*n. Calculate the highest common divisor of 85 and n.
85
Suppose 17*h + 20*h = 57 + 720. Calculate the highest common factor of h and 5691.
21
Suppose 3*d - 2240 = -2*d. Suppose 4*a = -24, 510*a - 134 = -5*k + 509*a. Calculate the highest common divisor of k and d.
28
Suppose 2*b - 35 - 729 = -3*j, 3*b = 4*j - 996. Let u be j*((-15)/18)/((-5)/4). Calculate the greatest common factor of 12 and u.
12
Let w be (-32)/7 - 159/371. Let t be w - -14 - (-6 + 3). What is the greatest common factor of t and 732?
12
Suppose a - g = 62, -3*a - g + 2*g + 178 = 0. Let s(n) = 957*n + 95062. Let i be s(-99). Calculate the highest common divisor of a and i.
29
Let g(j) = 19571*j**2 - 792*j + 791. Let v be g(1). What is the highest common factor of 190 and v?
190
Let l = 652 - -1708. What is the greatest common factor of 20 and l?
20
Suppose h + 3 = 2*j, -h = 4*h - 3*j + 15. Let c be 68 - (2 + h + -3). What is the highest common divisor of c and 8?
8
Let b be -9 - 305/(-35) - (-12468)/28. Calculate the greatest common factor of 356 and b.
89
Let v = 42656 + -24931. What is the greatest common divisor of 25 and v?
25
Let w = 27 - -120. Let t = 41 + -38. Suppose c - 29 = 3*n + 58, 0 = 2*c + t*n - w. Calculate the greatest common divisor of 26 and c.
26
Let t = 110 + -103. Let h be t/(-105)*6*(-45 + 0). Let f(n) = 10*n**2 - 2*n + 1. Let v be f(1). What is the greatest common divisor of v and h?
9
Suppose 344 = f - 111. What is the greatest common factor of 45 and f?
5
Suppose 12438 = -4*a + 6*a - 2932. What is the greatest common factor of 290 and a?
145
Let f be -1 + -3 - -3 - (6 - 4). Let m be (-4)/(f*10/435). Let l = -62 - -149. What is the highest common factor of l and m?
29
Let o be ((-3)/12 - (-52)/16)*-9. Let x = -24 - o. Suppose -x*d + 0*d = -72. What is the greatest common factor of 192 and d?
24
Let l = -8 + 9. Let h be -17*(3 - (l + 4)). Calculate the greatest common divisor of h and 170.
34
Suppose -58*n - 288 = -61*n. Let p = n - 76. Calculate the greatest common divisor of p and 4.
4
Let x be -2 - 36/(-14) - (-2285424)/7434. Let d = 134 - -42. Calculate the highest common divisor of d and x.
44
Let l(c) = c**3 - c**2 + c + 44. Let h be l(0). Let b = -2810 - -2858. Let g = b - h. Calculate the highest common factor of 4 and g.
4
Let g = 4732 - 4546. What is the highest common divisor of 3999 and g?
93
Suppose -830 = -d + 3462. Calculate the greatest common factor of d and 58.
58
Let a(p) = -162*p + 981. Let w be a(6). What is the greatest common factor of w and 13833?
9
Suppose 1285*d - 4 + 2 = 1284*d. What is the greatest common factor of 239 and d?
1
Suppose -3 = 11*s - 36. Suppose 226 = s*x - 149. What is the greatest common divisor of x and 100?
25
Suppose 45 + 30 = 5*w. Suppose w = 6*z - 3*z. Suppose p + 0*u - 35 = -2*u, -5*u - 190 = -z*p. What is the greatest common divisor of 185 and p?
37
Suppose -5*c - 514 + 566 = x, -5*x = -4*c + 30. Calculate the highest common divisor of c and 1130.
10
Let u(g) = g**3 - 3*g**2 - 3. Let v be u(4). Let r(m) = -17*m**3 - 203*m**2 + 10*m - 22. Let d be r(-12). Calculate the greatest common divisor of v and d.
1
Suppose 31*z + 37946 = 145268. Calculate the highest common factor of 6 and z.
6
Let d be 1/2*-2 - -7. Let s be -1*6/(-12)*(-1 - -1). Suppose s = -4*u + 51 + 117. Calculate the highest common divisor of d and u.
6
Let t(i) = 3*i**3 - 20*i**2 + 29*i - 51. Let u be t(7). What is the highest common divisor of u and 6432?
201
Suppose 14 + 10 = 2*o. Let z(l) = -l**2 + 35*l + 2498. Let g be z(70). What is the greatest common divisor of o and g?
12
Let r = -1681 - -1849. Calculate the greatest common divisor of r and 744.
24
Let u(r) = 34*r - 96. Let b be u(5). What is the highest common factor of 3404 and b?
74
Let x be (13/(-7) + 3)/((-15)/(-105)). Suppose -2 = -x*y + 38. What is the highest common factor of 95 and y?
5
Suppose -849*s - 63 = -854*s - 3*g, -27 = -s - 3*g. What is the greatest common factor of 3249 and s?
9
Let d = -638 - -1493. Let r = d + -607. What is the highest common divisor of 31 and r?
31
Suppose -7*k + 556 = j, 164*j = k + 166*j - 72. Calculate the greatest common factor of 750 and k.
10
Let s(k) = -91*k**3 + k**2 - 2*k. Let i be s(1). Let v = 142 + i. Suppose h = 71 - v. What is the greatest common divisor of h and 126?
21
Suppose -3*g = 4*n + n - 16588, 0 = -3*n + 2*g + 9949. Calculate the highest common divisor of n and 217.
31
Let f be 130/6 - 1/(-3). Let o be 4 - (-6902)/((-21)/(-3)). Suppose 15*c - 45*c = -o. Calculate the highest common divisor of c and f.
11
Suppose -5*p + 295 = 5*g, 5*g + 126 = -3*p + 423. Suppose 5*v - 3*q - 1512 = 0, -13*v - 3*q + 888 = -10*v. Calculate the highest common factor of g and v.
60
Suppose 2*i - 7*i = -f - 3, -4*i = -5*f + 27. Let b be (-1)/(f/(-42)*(-4)/(-6)). Calculate the highest common factor of b and 72.
9
Suppose 0 = 59*p - 57*p - 48. Let d(z) = z**3 - 7*z**2 - 3*z + 3. Let w be d(7). Let i = 21 + w. What is the greatest common factor of p and i?
3
Let y be 28/(4/(-1 - -13))*1. Suppose -4*a + 0*k + y = 2*k, -5*k + 110 = 5*a. What is the greatest common divisor of a and 500?
20
Suppose -s + 2 + 7 = 0. Suppose s*a - 4*a = 1145. Suppose 6*c - 11 - a = 0. What is the greatest common factor of 20 and c?
20
Suppose w = 123 + 60. Let m = 308 - w. Calculate the highest common divisor of 50 and m.
25
Suppose -54*b + 7*b + 27328 = 9*b. What is the greatest common divisor of 232 and b?
8
Suppose 5*c = 5*i + 1200, -i + 960 = 4*c + 2*i. Suppose 18*z - 22*z + c = 0. Let l be (-5)/(20/(-628)) + -7. What is the highest common divisor of z and l?
30
Let y = -11147 + 20594. What is the greatest common factor of 282 and y?
141
Let a be 272 + (-564)/(-66) + (-36)/66. Calculate the highest common factor of 88 and a.
8
Suppose -5167 = 22*w - 5388 - 40545. What is the highest common factor of 34 and w?
17
Suppose -987220 + 4518484 = 4*v + 252*v. What is the highest common factor of 76 and v?
38
Let o